{"id":176,"date":"2023-12-21T09:07:37","date_gmt":"2023-12-21T09:07:37","guid":{"rendered":"https:\/\/acss2024.uem.mz\/?page_id=176"},"modified":"2024-04-01T11:31:45","modified_gmt":"2024-04-01T11:31:45","slug":"objectivo","status":"publish","type":"page","link":"https:\/\/acss2024.uem.mz\/index.php\/pt\/objectivo\/","title":{"rendered":"Objectivo"},"content":{"rendered":"\t\t<div data-elementor-type=\"wp-page\" data-elementor-id=\"176\" class=\"elementor elementor-176\">\n\t\t\t\t\t\t\t<div class=\"elementor-element elementor-element-c2f9c7c e-flex e-con-boxed e-con e-parent\" data-id=\"c2f9c7c\" data-element_type=\"container\" data-settings=\"{&quot;background_background&quot;:&quot;classic&quot;,&quot;content_width&quot;:&quot;boxed&quot;}\" data-core-v316-plus=\"true\">\n\t\t\t\t\t<div class=\"e-con-inner\">\n\t\t\t\t<div class=\"elementor-element elementor-element-08d7040 elementor-widget elementor-widget-heading\" data-id=\"08d7040\" data-element_type=\"widget\" data-widget_type=\"heading.default\">\n\t\t\t\t<div class=\"elementor-widget-container\">\n\t\t\t<style>\/*! elementor - v3.18.0 - 08-12-2023 *\/\n.elementor-heading-title{padding:0;margin:0;line-height:1}.elementor-widget-heading .elementor-heading-title[class*=elementor-size-]>a{color:inherit;font-size:inherit;line-height:inherit}.elementor-widget-heading .elementor-heading-title.elementor-size-small{font-size:15px}.elementor-widget-heading .elementor-heading-title.elementor-size-medium{font-size:19px}.elementor-widget-heading .elementor-heading-title.elementor-size-large{font-size:29px}.elementor-widget-heading .elementor-heading-title.elementor-size-xl{font-size:39px}.elementor-widget-heading .elementor-heading-title.elementor-size-xxl{font-size:59px}<\/style><h1 class=\"elementor-heading-title elementor-size-default\">OBJECTIVO<\/h1>\t\t<\/div>\n\t\t\t\t<\/div>\n\t\t\t\t\t<\/div>\n\t\t\t\t<\/div>\n\t\t<div class=\"elementor-element elementor-element-1f85914 e-flex e-con-boxed e-con e-parent\" data-id=\"1f85914\" data-element_type=\"container\" data-settings=\"{&quot;content_width&quot;:&quot;boxed&quot;}\" data-core-v316-plus=\"true\">\n\t\t\t\t\t<div class=\"e-con-inner\">\n\t\t\t\t<div class=\"elementor-element elementor-element-73707d1 elementor-widget elementor-widget-text-editor\" data-id=\"73707d1\" data-element_type=\"widget\" data-widget_type=\"text-editor.default\">\n\t\t\t\t<div class=\"elementor-widget-container\">\n\t\t\t<style>\/*! elementor - v3.18.0 - 08-12-2023 *\/\n.elementor-widget-text-editor.elementor-drop-cap-view-stacked .elementor-drop-cap{background-color:#69727d;color:#fff}.elementor-widget-text-editor.elementor-drop-cap-view-framed .elementor-drop-cap{color:#69727d;border:3px solid;background-color:transparent}.elementor-widget-text-editor:not(.elementor-drop-cap-view-default) .elementor-drop-cap{margin-top:8px}.elementor-widget-text-editor:not(.elementor-drop-cap-view-default) .elementor-drop-cap-letter{width:1em;height:1em}.elementor-widget-text-editor .elementor-drop-cap{float:left;text-align:center;line-height:1;font-size:50px}.elementor-widget-text-editor .elementor-drop-cap-letter{display:inline-block}<\/style>\t\t\t\t<p>O objectivo geral da confer\u00eancia \u00e9 partilhar informa\u00e7\u00f5es sobre desenvolvimentos em novos conhecimentos e inova\u00e7\u00e3o ao longo das cadeias de valor agr\u00edcola mais importantes em \u00c1frica.<\/p><p>Na confer\u00eancia, ser\u00e3o apresentados os resultados mais recentes da pesquisa em ci\u00eancias agr\u00e1rias e inova\u00e7\u00e3o tecnol\u00f3gica e discutido o caminho a seguir para alcan\u00e7ar oportunidades de subsist\u00eancia mais resilientes, aumento da seguran\u00e7a alimentar e nutricional e crescimento do agroneg\u00f3cio para o desenvolvimento econ\u00f4mico e social.<\/p><p>A confer\u00eancia proporcionar\u00e1 tamb\u00e9m uma oportunidade para educar jovens e acad\u00e9micos seniores sobre quest\u00f5es-chave que amea\u00e7am o desenvolvimento agr\u00e1rio no continente.<\/p>\t\t\t\t\t\t<\/div>\n\t\t\t\t<\/div>\n\t\t\t\t\t<\/div>\n\t\t\t\t<\/div>\n\t\t\t\t\t\t\t<\/div>\n\t\t","protected":false},"excerpt":{"rendered":"<p>OBJECTIVO O objectivo geral da confer\u00eancia \u00e9 partilhar informa\u00e7\u00f5es sobre desenvolvimentos em novos conhecimentos e inova\u00e7\u00e3o ao longo das cadeias de valor agr\u00edcola mais importantes em \u00c1frica. Na confer\u00eancia, ser\u00e3o apresentados os resultados mais recentes da pesquisa em ci\u00eancias agr\u00e1rias e inova\u00e7\u00e3o tecnol\u00f3gica e discutido o caminho a seguir para alcan\u00e7ar oportunidades de subsist\u00eancia mais&#8230; <\/p>\n<div class=\"clear\"><\/div>\n<p><a href=\"https:\/\/acss2024.uem.mz\/index.php\/pt\/objectivo\/\" class=\"gdlr-info-font excerpt-read-more\">Read More<\/a><\/p>\n","protected":false},"author":1,"featured_media":0,"parent":0,"menu_order":0,"comment_status":"closed","ping_status":"closed","template":"elementor_header_footer","meta":{"footnotes":""},"class_list":["post-176","page","type-page","status-publish","hentry"],"_links":{"self":[{"href":"https:\/\/acss2024.uem.mz\/index.php\/wp-json\/wp\/v2\/pages\/176","targetHints":{"allow":["GET"]}}],"collection":[{"href":"https:\/\/acss2024.uem.mz\/index.php\/wp-json\/wp\/v2\/pages"}],"about":[{"href":"https:\/\/acss2024.uem.mz\/index.php\/wp-json\/wp\/v2\/types\/page"}],"author":[{"embeddable":true,"href":"https:\/\/acss2024.uem.mz\/index.php\/wp-json\/wp\/v2\/users\/1"}],"replies":[{"embeddable":true,"href":"https:\/\/acss2024.uem.mz\/index.php\/wp-json\/wp\/v2\/comments?post=176"}],"version-history":[{"count":11,"href":"https:\/\/acss2024.uem.mz\/index.php\/wp-json\/wp\/v2\/pages\/176\/revisions"}],"predecessor-version":[{"id":1912,"href":"https:\/\/acss2024.uem.mz\/index.php\/wp-json\/wp\/v2\/pages\/176\/revisions\/1912"}],"wp:attachment":[{"href":"https:\/\/acss2024.uem.mz\/index.php\/wp-json\/wp\/v2\/media?parent=176"}],"curies":[{"name":"wp","href":"https:\/\/api.w.org\/{rel}","templated":true}]}}